iple of 30?
True
Does 17 divide 222888?
False
Does 38 divide 838885?
False
Does 14 divide 3546256?
True
Is 1157362 a multiple of 197?
False
Is 2214672 a multiple of 48?
True
Is 1121428 a multiple of 242?
True
Does 22 divide 427124?
False
Does 866 divide 15269312?
True
Is 25411 a multiple of 9?
False
Is 69768 a multiple of 38?
True
Is 970355 a multiple of 8?
False
Does 256 divide 9072052?
False
Does 60 divide 271499?
False
Is 100 a factor of 2319957?
False
Is 79 a factor of 154893?
False
Does 26 divide 32359?
False
Is 188256 a multiple of 159?
True
Is 39896 a multiple of 4?
True
Is 2187273 a multiple of 159?
False
Is 478 a factor of 2281972?
True
Is 89 a factor of 187701?
True
Is 100908 a multiple of 14?
False
Is 4902768 a multiple of 54?
True
Is 23618 a multiple of 14?
True
Is 16 a factor of 40548?
False
Is 647277 a multiple of 7?
False
Is 638 a factor of 5519618?
False
Is 6906194 a multiple of 9?
False
Does 12 divide 412278?
False
Is 21 a factor of 1308783?
True
Does 2 divide 874809?
False
Does 51 divide 15096?
True
Does 110 divide 2380840?
True
Does 248 divide 40176?
True
Does 62 divide 200074?
True
Is 14 a factor of 4880218?
True
Does 3 divide 19462?
False
Is 37 a factor of 10079614?
True
Is 155883 a multiple of 118?
False
Does 11 divide 376639?
False
Does 8 divide 966713?
False
Is 332117 a multiple of 680?
False
Does 60 divide 28620?
True
Is 15 a factor of 53010?
True
Is 28 a factor of 718826?
False
Is 4616268 a multiple of 1124?
True
Does 25 divide 1018293?
False
Is 101 a factor of 3446065?
False
Is 324810 a multiple of 14?
False
Does 100 divide 156600?
True
Does 20 divide 243665?
False
Does 178 divide 13119449?
False
Is 6 a factor of 850374?
True
Does 24 divide 2606808?
True
Is 10 a factor of 171660?
True
Is 34620 even?
True
Is 213 a factor of 545714?
False
Does 216 divide 21438864?
True
Is 864113 a multiple of 296?
False
Does 4 divide 1054299?
False
Is 136783 a multiple of 24?
False
Is 940657 a multiple of 1835?
False
Is 2 a factor of 119020?
True
Does 603 divide 45754?
False
Is 261 a factor of 2473497?
True
Does 7 divide 583891?
True
Is 534408 a multiple of 84?
True
Is 21 a factor of 15500?
False
Is 776076 a multiple of 7?
True
Is 19 a factor of 242499?
False
Is 126054 a multiple of 6?
True
Is 7210890 a multiple of 85?
True
Does 1261 divide 1718743?
True
Is 201757 a multiple of 265?
False
Is 609 a factor of 1834480?
False
Is 17 a factor of 13995484?
False
Is 8500 a multiple of 8?
False
Is 531 a factor of 3227851?
False
Does 146 divide 9118?
False
Does 123 divide 275447?
False
Is 759298 a multiple of 25?
False
Is 121 a factor of 53603?
True
Is 76 a factor of 247608?
True
Is 54 a factor of 1852724?
False
Is 166 a factor of 6099338?
True
Is 611656 a multiple of 101?
True
Is 14 a factor of 157782?
False
Is 35 a factor of 490700?
True
Does 40 divide 355780?
False
Is 3077886 a multiple of 147?
True
Does 4 divide 795344?
True
Is 77 a factor of 2714635?
True
Is 285504 a multiple of 6?
True
Is 95 a factor of 231644?
False
Does 32 divide 26839?
False
Does 31 divide 555399?
False
Is 14 a factor of 3911474?
True
Does 259 divide 157546?
False
Is 241128 a multiple of 197?
True
Is 720 a factor of 332883?
False
Is 14 a factor of 1688983?
False
Does 458 divide 313816?
False
Is 16650 a multiple of 9?
True
Is 272 a factor of 3564560?
True
Is 8 a factor of 93961?
False
Is 16 a factor of 661309?
False
Does 27 divide 71793?
True
Is 302579 a multiple of 371?
False
Does 180 divide 96480?
True
Does 32 divide 139351?
False
Is 33 a factor of 217833?
True
Is 51 a factor of 296843?
False
Is 7819103 a multiple of 151?
False
Is 1512485 a multiple of 78?
False
Is 122 a factor of 480938?
False
Does 139 divide 481870?
False
Is 74 a factor of 2334108?
True
Is 15 a factor of 657810?
True
Is 143419 a multiple of 903?
False
Does 167 divide 4748812?
True
Is 727302 a multiple of 258?
True
Is 11 a factor of 98511?
False
Is 18 a factor of 2441629?
False
Does 160 divide 151708?
False
Does 11 divide 154787?
False
Is 528120 a multiple of 324?
True
Does 2128 divide 16505746?
False
Does 535 divide 16395904?
False
Does 370 divide 18522?
False
Is 13 a factor of 567450?
True
Is 88638 a multiple of 37?
False
Is 282309 a multiple of 139?
True
Is 7 a factor of 4475351?
False
Does 122 divide 38674?
True
Does 156 divide 132912?
True
Is 343 a factor of 177331?
True
Is 46221 a multiple of 31?
True
Does 218 divide 1028213?
False
Does 21 divide 12632760?
True
Is 33306 a multiple of 219?
False
Is 352 a factor of 87241?
False
Is 126 a factor of 70049?
False
Is 166 a factor of 7910402?
False
Is 27 a factor of 30549451?
False
Is 27 a factor of 394821?
True
Does 410 divide 643290?
True
Is 189 a factor of 33642?
True
Is 1331091 a multiple of 9?
True
Is 135 a factor of 39960?
True
Is 26 a factor of 84058?
True
Is 216 a factor of 152231?
False
Does 19 divide 119713?
False
Does 18 divide 69882?
False
Is 15 a factor of 1284096?
False
Does 6 divide 6843810?
True
Is 61239 a multiple of 137?
True
Does 102 divide 458767?
False
Does 409 divide 25660?
False
Is 54 a factor of 1109592?
True
Does 432 divide 13188960?
True
Does 96 divide 1921597?
False
Is 709911 a multiple of 678?
False
Is 108 a factor of 887064?
False
Is 306096 a multiple of 168?
True
Does 178 divide 574940?
True
Does 859 divide 9912860?
True
Does 220 divide 3875049?
False
Is 2565428 a multiple of 24?
False
Does 132 divide 117216?
True
Is 6037056 a multiple of 12?
True
Does 205 divide 629350?
True
Is 243 a factor of 812106?
True
Is 23 a factor of 31343?
False
Is 608208 a multiple of 26?
False
Does 103 divide 1359218?
False
Is 14 a factor of 147602?
True
Does 818 divide 2325647?
False
Is 441738 a multiple of 23?
True
Is 85 a factor of 171785?
True
Does 23 divide 1353647?
False
Does 5 divide 945750?
True
Is 236287 a multiple of 84?
False
Is 220 a factor of 305580?
True
Does 126 divide 14155?
False
Is 17 a factor of 158618?
False
Is 386 a factor of 65170?
False
Is 81 a factor of 1805372?
False
Does 82 divide 197414?
False
Does 26 divide 454339?
False
Is 25 a factor of 1147346?
False
Does 21 divide 136500?
True
Is 14257270 a multiple of 466?
True
Does 70 divide 28700?
True
Does 91 divide 1339065?
True
Does 3 divide 68376?
True
Does 70 divide 1303190?
True
Is 78 a factor of 10780561?
False
Is 6647304 a multiple of 26?
False
Is 359686 a multiple of 71?
True
Does 11 divide 22088?
True
Does 137 divide 316881?
True
Does 165 divide 336088?
False
Is 65 a factor of 286780?
True
Is 6142 a multiple of 166?
True
Is 130074 a multiple of 267?
False
Does 277 divide 125758?
True
Does 28 divide 983472?
True
Is 1002 a factor of 452273?
False
Is 27 a factor of 2643770?
False
Does 6 divide 93141?
False
Is 237504 a multiple of 81?
False
Is 503528 a multiple of 557?
True
Does 272 divide 171601?
False
Does 11 divide 207571?
False
Does 564 divide 183525?
False
Is 8282878 a multiple of 518?
False
Is 160 a factor of 1409707?
False
Does 9 divide 166374?
True
Is 777778 a multiple of 67?
False
Is 32 a factor of 755744?
True
Is 49 a factor of 2491490?
False
Does 9 divide 14796?
True
Is 59 a factor of 12685?
True
Is 8 a factor of 502730?
False
Does 5 divide 478070?
True
Is 145432 a multiple of 371?
True
Does 17 divide 45346?
False
Does 91 divide 1672768?
False
Is 34 a factor of 865810?
True
Is 56 a factor of 514979?
False
Is 3 a factor of 384443?
False
Is 80864 a multiple of 224?
True
Does 271 divide 8350503?
False
Is 62 a factor of 5625715?
False
Is 326199 a multiple of 17?
False
Is 21677785 a multiple of 128?
False
Does 67 divide 2504192?
True
Is 2110273 a multiple of 527?
False
Does 1849 divide 1465239?
False
Is 1003002 a multiple of 1001?
True
Is 4372081 a multiple of 159?
False
Is 40 a factor of 4059800?
True
Does 117 divide 9671571?
True
Is 190 a factor of 4115971?
False
Is 15 a factor of 617688?
False
Is 134 a factor of 1941660?
True
Does 88 divide 235856?
False
Is 35520 a multiple of 32?
True
Does 4 divide 5538375?
False
Is 183 a factor of 406626?
True
Is 213 a factor of 1295310?
False
Is 172 a factor of 13588?
True
Is 10 a factor of 11010?
True
Does 35 divide 90?
False
Is 37 a factor of 10087?
False
Is 29820 a multiple of 20?
True
Is 563303 a multiple of 9?
False
Is 15 a factor of 83715?
True
Is 888 a factor of 7563166?
False
Is 421281 a multiple of 282?
False
Is 1